{"id":2673,"date":"2025-04-29T10:07:50","date_gmt":"2025-04-29T10:07:50","guid":{"rendered":"https:\/\/www.marcvernier.fr\/praxisdesign\/blog\/?page_id=2673"},"modified":"2025-08-12T12:14:29","modified_gmt":"2025-08-12T12:14:29","slug":"design-graphique-communication-visuelle","status":"publish","type":"page","link":"https:\/\/www.marcvernier.fr\/praxisdesign\/blog\/design-graphique-communication-visuelle\/","title":{"rendered":"Design graphique &amp; communication visuelle"},"content":{"rendered":"\n<h1 class=\"wp-block-heading\">Design graphique<br>&amp; communication visuelle<\/h1>\n\n\n\n<p>Avec une pr\u00e9dilection pour la cr\u00e9ation de logotypes, la conception et le d\u00e9ploiement multi-supports de chartes graphiques et \u00e9ditoriales, je fabrique sur mesure des outils durables pour des commanditaires aux profils et domaines d&rsquo;activit\u00e9 tr\u00e8s diversifi\u00e9s, toujours \u00e9troitement associ\u00e9s aux processus de cr\u00e9ation et de prise en main.<\/p>\n\n\n\n<figure class=\"wp-block-image alignwide size-large\"><img alt=\"Marc Vernier, design graphique et \u00e9ditorial\" loading=\"lazy\" decoding=\"async\" width=\"1024\" height=\"614\" src=\"https:\/\/www.marcvernier.fr\/wp-content\/uploads\/2025\/04\/graphicdesign-01-1024x614.jpg\" alt=\"\" class=\"wp-image-2584\" srcset=\"https:\/\/www.marcvernier.fr\/wp-content\/uploads\/2025\/04\/graphicdesign-01-1024x614.jpg 1024w, https:\/\/www.marcvernier.fr\/wp-content\/uploads\/2025\/04\/graphicdesign-01-300x180.jpg 300w, https:\/\/www.marcvernier.fr\/wp-content\/uploads\/2025\/04\/graphicdesign-01-768x461.jpg 768w, https:\/\/www.marcvernier.fr\/wp-content\/uploads\/2025\/04\/graphicdesign-01-1536x922.jpg 1536w, https:\/\/www.marcvernier.fr\/wp-content\/uploads\/2025\/04\/graphicdesign-01.jpg 1900w\" sizes=\"auto, (max-width: 1024px) 100vw, 1024px\" \/><figcaption class=\"wp-element-caption\">Identit\u00e9 visuelle, naming, visuels, design graphique et \u00e9ditorial de Bordonor, collectif de ressources culturelles 1998-2002<\/figcaption><\/figure>\n\n\n\n<div class=\"wp-block-group is-nowrap is-layout-flex wp-container-core-group-is-layout-6c531013 wp-block-group-is-layout-flex\">\n<p><\/p>\n<\/div>\n\n\n\n<figure class=\"wp-block-image size-large\"><img alt=\"Marc Vernier, design graphique et \u00e9ditorial\" loading=\"lazy\" decoding=\"async\" width=\"1024\" height=\"614\" src=\"https:\/\/www.marcvernier.fr\/wp-content\/uploads\/2025\/04\/graphicdesign-04-1024x614.jpg\" alt=\"\" class=\"wp-image-2587\" srcset=\"https:\/\/www.marcvernier.fr\/wp-content\/uploads\/2025\/04\/graphicdesign-04-1024x614.jpg 1024w, https:\/\/www.marcvernier.fr\/wp-content\/uploads\/2025\/04\/graphicdesign-04-300x180.jpg 300w, https:\/\/www.marcvernier.fr\/wp-content\/uploads\/2025\/04\/graphicdesign-04-768x461.jpg 768w, https:\/\/www.marcvernier.fr\/wp-content\/uploads\/2025\/04\/graphicdesign-04-1536x922.jpg 1536w, https:\/\/www.marcvernier.fr\/wp-content\/uploads\/2025\/04\/graphicdesign-04.jpg 1900w\" sizes=\"auto, (max-width: 1024px) 100vw, 1024px\" \/><figcaption class=\"wp-element-caption\">Identit\u00e9 et charte de Valorem, producteur d\u2019\u00e9nergies vertes 2008<\/figcaption><\/figure>\n\n\n\n<figure class=\"wp-block-image size-large\"><img alt=\"Marc Vernier, design graphique et \u00e9ditorial\" loading=\"lazy\" decoding=\"async\" width=\"1024\" height=\"614\" src=\"https:\/\/www.marcvernier.fr\/wp-content\/uploads\/2025\/04\/graphicdesign-11-1024x614.jpg\" alt=\"\" class=\"wp-image-2594\" srcset=\"https:\/\/www.marcvernier.fr\/wp-content\/uploads\/2025\/04\/graphicdesign-11-1024x614.jpg 1024w, https:\/\/www.marcvernier.fr\/wp-content\/uploads\/2025\/04\/graphicdesign-11-300x180.jpg 300w, https:\/\/www.marcvernier.fr\/wp-content\/uploads\/2025\/04\/graphicdesign-11-768x461.jpg 768w, https:\/\/www.marcvernier.fr\/wp-content\/uploads\/2025\/04\/graphicdesign-11-1536x922.jpg 1536w, https:\/\/www.marcvernier.fr\/wp-content\/uploads\/2025\/04\/graphicdesign-11.jpg 1900w\" sizes=\"auto, (max-width: 1024px) 100vw, 1024px\" \/><figcaption class=\"wp-element-caption\">Identit\u00e9 de Retro Bicicletta, atelier de vente et r\u00e9paration de v\u00e9los vintage, 2019<\/figcaption><\/figure>\n\n\n\n<figure class=\"wp-block-image size-large\"><img alt=\"Marc Vernier, design graphique et \u00e9ditorial\" loading=\"lazy\" decoding=\"async\" width=\"1024\" height=\"614\" src=\"https:\/\/www.marcvernier.fr\/wp-content\/uploads\/2025\/04\/graphicdesign-08-1024x614.jpg\" alt=\"\" class=\"wp-image-2591\" srcset=\"https:\/\/www.marcvernier.fr\/wp-content\/uploads\/2025\/04\/graphicdesign-08-1024x614.jpg 1024w, https:\/\/www.marcvernier.fr\/wp-content\/uploads\/2025\/04\/graphicdesign-08-300x180.jpg 300w, https:\/\/www.marcvernier.fr\/wp-content\/uploads\/2025\/04\/graphicdesign-08-768x461.jpg 768w, https:\/\/www.marcvernier.fr\/wp-content\/uploads\/2025\/04\/graphicdesign-08-1536x922.jpg 1536w, https:\/\/www.marcvernier.fr\/wp-content\/uploads\/2025\/04\/graphicdesign-08.jpg 1900w\" sizes=\"auto, (max-width: 1024px) 100vw, 1024px\" \/><figcaption class=\"wp-element-caption\">Universit\u00e9 Bordeaux Montaigne, logo, charte graphique et d\u00e9clinaisons, 2014<\/figcaption><\/figure>\n\n\n\n<figure class=\"wp-block-image size-large\"><img alt=\"Marc Vernier, design graphique et \u00e9ditorial\" loading=\"lazy\" decoding=\"async\" width=\"1024\" height=\"614\" src=\"https:\/\/www.marcvernier.fr\/wp-content\/uploads\/2025\/04\/graphicdesign-09-1024x614.jpg\" alt=\"\" class=\"wp-image-2592\" srcset=\"https:\/\/www.marcvernier.fr\/wp-content\/uploads\/2025\/04\/graphicdesign-09-1024x614.jpg 1024w, https:\/\/www.marcvernier.fr\/wp-content\/uploads\/2025\/04\/graphicdesign-09-300x180.jpg 300w, https:\/\/www.marcvernier.fr\/wp-content\/uploads\/2025\/04\/graphicdesign-09-768x461.jpg 768w, https:\/\/www.marcvernier.fr\/wp-content\/uploads\/2025\/04\/graphicdesign-09-1536x922.jpg 1536w, https:\/\/www.marcvernier.fr\/wp-content\/uploads\/2025\/04\/graphicdesign-09.jpg 1900w\" sizes=\"auto, (max-width: 1024px) 100vw, 1024px\" \/><figcaption class=\"wp-element-caption\">Visuel g\u00e9n\u00e9rique de la Brasserie artisanal de Saint-L\u00e9on, 2005<\/figcaption><\/figure>\n\n\n\n<figure class=\"wp-block-image size-large\"><img alt=\"Marc Vernier, design graphique et \u00e9ditorial\" loading=\"lazy\" decoding=\"async\" width=\"1024\" height=\"614\" src=\"https:\/\/www.marcvernier.fr\/wp-content\/uploads\/2025\/04\/graphicdesign-02-1024x614.jpg\" alt=\"\" class=\"wp-image-2585\" srcset=\"https:\/\/www.marcvernier.fr\/wp-content\/uploads\/2025\/04\/graphicdesign-02-1024x614.jpg 1024w, https:\/\/www.marcvernier.fr\/wp-content\/uploads\/2025\/04\/graphicdesign-02-300x180.jpg 300w, https:\/\/www.marcvernier.fr\/wp-content\/uploads\/2025\/04\/graphicdesign-02-768x461.jpg 768w, https:\/\/www.marcvernier.fr\/wp-content\/uploads\/2025\/04\/graphicdesign-02-1536x922.jpg 1536w, https:\/\/www.marcvernier.fr\/wp-content\/uploads\/2025\/04\/graphicdesign-02.jpg 1900w\" sizes=\"auto, (max-width: 1024px) 100vw, 1024px\" \/><figcaption class=\"wp-element-caption\">Univers visuel du Caf\u00e9 Maritime \u00e0 Bordeaux bassins \u00e0 flots, 2001<\/figcaption><\/figure>\n\n\n\n<figure class=\"wp-block-image size-large\"><img alt=\"Marc Vernier, design graphique et \u00e9ditorial\" loading=\"lazy\" decoding=\"async\" width=\"1024\" height=\"614\" src=\"https:\/\/www.marcvernier.fr\/wp-content\/uploads\/2025\/04\/graphicdesign-10-1024x614.jpg\" alt=\"\" class=\"wp-image-2593\" srcset=\"https:\/\/www.marcvernier.fr\/wp-content\/uploads\/2025\/04\/graphicdesign-10-1024x614.jpg 1024w, https:\/\/www.marcvernier.fr\/wp-content\/uploads\/2025\/04\/graphicdesign-10-300x180.jpg 300w, https:\/\/www.marcvernier.fr\/wp-content\/uploads\/2025\/04\/graphicdesign-10-768x461.jpg 768w, https:\/\/www.marcvernier.fr\/wp-content\/uploads\/2025\/04\/graphicdesign-10-1536x922.jpg 1536w, https:\/\/www.marcvernier.fr\/wp-content\/uploads\/2025\/04\/graphicdesign-10.jpg 1900w\" sizes=\"auto, (max-width: 1024px) 100vw, 1024px\" \/><figcaption class=\"wp-element-caption\">Logo de la Conf\u00e9d\u00e9ration des Coop\u00e9ratives Viticoles de France, 1996<\/figcaption><\/figure>\n\n\n\n<figure class=\"wp-block-image size-large\"><img alt=\"Marc Vernier, design graphique et \u00e9ditorial\" loading=\"lazy\" decoding=\"async\" width=\"1024\" height=\"614\" src=\"https:\/\/www.marcvernier.fr\/wp-content\/uploads\/2025\/05\/graphicdesign-17-1024x614.jpg\" alt=\"\" class=\"wp-image-2854\" srcset=\"https:\/\/www.marcvernier.fr\/wp-content\/uploads\/2025\/05\/graphicdesign-17-1024x614.jpg 1024w, https:\/\/www.marcvernier.fr\/wp-content\/uploads\/2025\/05\/graphicdesign-17-300x180.jpg 300w, https:\/\/www.marcvernier.fr\/wp-content\/uploads\/2025\/05\/graphicdesign-17-768x461.jpg 768w, https:\/\/www.marcvernier.fr\/wp-content\/uploads\/2025\/05\/graphicdesign-17-1536x922.jpg 1536w, https:\/\/www.marcvernier.fr\/wp-content\/uploads\/2025\/05\/graphicdesign-17.jpg 1900w\" sizes=\"auto, (max-width: 1024px) 100vw, 1024px\" \/><figcaption class=\"wp-element-caption\">Design du site internet de l\u2019Association des Graphistes en Aquitaine, 1999<\/figcaption><\/figure>\n\n\n\n<hr class=\"wp-block-separator has-alpha-channel-opacity\"\/>\n\n\n\n<p>&gt;&gt; <a href=\"https:\/\/www.marcvernier.fr\/praxisdesign\/blog\/commandes-publiques-et-un-pour-cent-artistiques\/\">commandes artistiques<\/a> | <a href=\"https:\/\/www.marcvernier.fr\/praxisdesign\/blog\/arts-plastiques-visuels\/\">arts visuels<\/a> | <a href=\"https:\/\/www.marcvernier.fr\/praxisdesign\/blog\/actions-culturelles\/\">actions culturelles<\/a><\/p>\n","protected":false},"excerpt":{"rendered":"<p>Design graphique&amp; communication visuelle Avec une pr\u00e9dilection pour la cr\u00e9ation de logotypes, la conception et le d\u00e9ploiement multi-supports de chartes graphiques et \u00e9ditoriales, je fabrique sur mesure des outils durables pour des commanditaires aux profils et domaines d&rsquo;activit\u00e9 tr\u00e8s diversifi\u00e9s, toujours \u00e9troitement associ\u00e9s aux processus de cr\u00e9ation et de prise en main. &gt;&gt; commandes artistiques [&hellip;]<\/p>\n","protected":false},"author":2,"featured_media":0,"parent":0,"menu_order":0,"comment_status":"closed","ping_status":"open","template":"","meta":{"_seopress_robots_primary_cat":"","_seopress_titles_title":"","_seopress_titles_desc":"","_seopress_robots_index":"","footnotes":""},"class_list":["post-2673","page","type-page","status-publish","hentry"],"_links":{"self":[{"href":"https:\/\/www.marcvernier.fr\/praxisdesign\/blog\/wp-json\/wp\/v2\/pages\/2673","targetHints":{"allow":["GET"]}}],"collection":[{"href":"https:\/\/www.marcvernier.fr\/praxisdesign\/blog\/wp-json\/wp\/v2\/pages"}],"about":[{"href":"https:\/\/www.marcvernier.fr\/praxisdesign\/blog\/wp-json\/wp\/v2\/types\/page"}],"author":[{"embeddable":true,"href":"https:\/\/www.marcvernier.fr\/praxisdesign\/blog\/wp-json\/wp\/v2\/users\/2"}],"replies":[{"embeddable":true,"href":"https:\/\/www.marcvernier.fr\/praxisdesign\/blog\/wp-json\/wp\/v2\/comments?post=2673"}],"version-history":[{"count":27,"href":"https:\/\/www.marcvernier.fr\/praxisdesign\/blog\/wp-json\/wp\/v2\/pages\/2673\/revisions"}],"predecessor-version":[{"id":3222,"href":"https:\/\/www.marcvernier.fr\/praxisdesign\/blog\/wp-json\/wp\/v2\/pages\/2673\/revisions\/3222"}],"wp:attachment":[{"href":"https:\/\/www.marcvernier.fr\/praxisdesign\/blog\/wp-json\/wp\/v2\/media?parent=2673"}],"curies":[{"name":"wp","href":"https:\/\/api.w.org\/{rel}","templated":true}]}}