{"id":2677,"date":"2025-04-29T10:14:37","date_gmt":"2025-04-29T10:14:37","guid":{"rendered":"https:\/\/www.marcvernier.fr\/praxisdesign\/blog\/?page_id=2677"},"modified":"2025-08-13T08:46:15","modified_gmt":"2025-08-13T08:46:15","slug":"actions-culturelles","status":"publish","type":"page","link":"https:\/\/www.marcvernier.fr\/praxisdesign\/blog\/actions-culturelles\/","title":{"rendered":"Actions culturelles"},"content":{"rendered":"\n<h1 class=\"wp-block-heading\">Actions culturelles<\/h1>\n\n\n\n<h2 class=\"wp-block-heading\">Jeunes publics, prot\u00e9g\u00e9s, et autres<\/h2>\n\n\n\n<div class=\"wp-block-group is-nowrap is-layout-flex wp-container-core-group-is-layout-6c531013 wp-block-group-is-layout-flex\">\n<p>Intimement li\u00e9es \u00e0 des commandes, expositions ou r\u00e9sidences dans le cadre desquelles elles sont con\u00e7ues et s&rsquo;articulent, ces actions sont l&rsquo;occasion d&rsquo;associer des publics jeunes ou moins jeunes en leur offrant la possibilit\u00e9 de s&rsquo;approprier des concepts et d&rsquo;exp\u00e9rimenter des techniques d&rsquo;expression. Les images pr\u00e9sent\u00e9es ici font r\u00e9f\u00e9rence \u00e0 des actions et ateliers men\u00e9s respectivement dans le cadre de la commande publique <em>M\u00e9moire en Aspe, une \u0153uvre pour la Paix<\/em> (2018-22), durant une r\u00e9sidence de cr\u00e9ation au centre hospitalier sp\u00e9cialis\u00e9 de Vauclaire (2012-16)et \u00e0 l&rsquo;occasion de l&rsquo;exposition <em>Aujourd&rsquo;hui piscine<\/em> (1998).<br><\/p>\n<\/div>\n\n\n\n<div class=\"wp-block-group alignfull has-global-padding is-layout-constrained wp-block-group-is-layout-constrained\" style=\"margin-top:0;margin-bottom:0;padding-top:var(--wp--preset--spacing--50);padding-bottom:var(--wp--preset--spacing--50)\">\n<div class=\"wp-block-group alignwide is-layout-grid wp-container-core-group-is-layout-21f393a4 wp-block-group-is-layout-grid\">\n<figure class=\"wp-block-image size-full wp-container-content-79286276\"><a href=\"https:\/\/www.marcvernier.fr\/wp-content\/uploads\/2025\/04\/memoireenaspe-08.jpg\"><img alt=\"\" loading=\"lazy\" decoding=\"async\" width=\"1900\" height=\"1140\" src=\"https:\/\/www.marcvernier.fr\/wp-content\/uploads\/2025\/04\/memoireenaspe-08.jpg\" alt=\"\" class=\"wp-image-2645\" style=\"aspect-ratio:1;object-fit:cover\" srcset=\"https:\/\/www.marcvernier.fr\/wp-content\/uploads\/2025\/04\/memoireenaspe-08.jpg 1900w, https:\/\/www.marcvernier.fr\/wp-content\/uploads\/2025\/04\/memoireenaspe-08-300x180.jpg 300w, https:\/\/www.marcvernier.fr\/wp-content\/uploads\/2025\/04\/memoireenaspe-08-1024x614.jpg 1024w, https:\/\/www.marcvernier.fr\/wp-content\/uploads\/2025\/04\/memoireenaspe-08-768x461.jpg 768w, https:\/\/www.marcvernier.fr\/wp-content\/uploads\/2025\/04\/memoireenaspe-08-1536x922.jpg 1536w\" sizes=\"auto, (max-width: 1900px) 100vw, 1900px\" \/><\/a><figcaption class=\"wp-element-caption\">M\u00e9moire en Aspe, une \u0153uvre pour la paix<\/figcaption><\/figure>\n\n\n\n<figure class=\"wp-block-image size-full\"><a href=\"https:\/\/www.marcvernier.fr\/wp-content\/uploads\/2025\/04\/memoireenaspe-10.jpg\"><img alt=\"\" loading=\"lazy\" decoding=\"async\" width=\"1900\" height=\"1140\" src=\"https:\/\/www.marcvernier.fr\/wp-content\/uploads\/2025\/04\/memoireenaspe-10.jpg\" alt=\"\" class=\"wp-image-2647\" style=\"aspect-ratio:1;object-fit:cover\" srcset=\"https:\/\/www.marcvernier.fr\/wp-content\/uploads\/2025\/04\/memoireenaspe-10.jpg 1900w, https:\/\/www.marcvernier.fr\/wp-content\/uploads\/2025\/04\/memoireenaspe-10-300x180.jpg 300w, https:\/\/www.marcvernier.fr\/wp-content\/uploads\/2025\/04\/memoireenaspe-10-1024x614.jpg 1024w, https:\/\/www.marcvernier.fr\/wp-content\/uploads\/2025\/04\/memoireenaspe-10-768x461.jpg 768w, https:\/\/www.marcvernier.fr\/wp-content\/uploads\/2025\/04\/memoireenaspe-10-1536x922.jpg 1536w\" sizes=\"auto, (max-width: 1900px) 100vw, 1900px\" \/><\/a><figcaption class=\"wp-element-caption\">M\u00e9moire en Aspe, une \u0153uvre pour la paix<\/figcaption><\/figure>\n\n\n\n<figure class=\"wp-block-image size-full\"><a href=\"https:\/\/www.marcvernier.fr\/wp-content\/uploads\/2025\/04\/memoireenaspe-01.jpg\"><img alt=\"\" loading=\"lazy\" decoding=\"async\" width=\"1900\" height=\"1140\" src=\"https:\/\/www.marcvernier.fr\/wp-content\/uploads\/2025\/04\/memoireenaspe-01.jpg\" alt=\"\" class=\"wp-image-2638\" style=\"aspect-ratio:1;object-fit:cover\" srcset=\"https:\/\/www.marcvernier.fr\/wp-content\/uploads\/2025\/04\/memoireenaspe-01.jpg 1900w, https:\/\/www.marcvernier.fr\/wp-content\/uploads\/2025\/04\/memoireenaspe-01-300x180.jpg 300w, https:\/\/www.marcvernier.fr\/wp-content\/uploads\/2025\/04\/memoireenaspe-01-1024x614.jpg 1024w, https:\/\/www.marcvernier.fr\/wp-content\/uploads\/2025\/04\/memoireenaspe-01-768x461.jpg 768w, https:\/\/www.marcvernier.fr\/wp-content\/uploads\/2025\/04\/memoireenaspe-01-1536x922.jpg 1536w\" sizes=\"auto, (max-width: 1900px) 100vw, 1900px\" \/><\/a><figcaption class=\"wp-element-caption\">M\u00e9moire en Aspe, une \u0153uvre pour la paix<\/figcaption><\/figure>\n\n\n\n<figure class=\"wp-block-image size-full\"><a href=\"https:\/\/www.marcvernier.fr\/wp-content\/uploads\/2025\/04\/memoireenaspe-04.jpg\"><img alt=\"\" loading=\"lazy\" decoding=\"async\" width=\"1900\" height=\"1140\" src=\"https:\/\/www.marcvernier.fr\/wp-content\/uploads\/2025\/04\/memoireenaspe-04.jpg\" alt=\"\" class=\"wp-image-2641\" style=\"aspect-ratio:1;object-fit:cover\" srcset=\"https:\/\/www.marcvernier.fr\/wp-content\/uploads\/2025\/04\/memoireenaspe-04.jpg 1900w, https:\/\/www.marcvernier.fr\/wp-content\/uploads\/2025\/04\/memoireenaspe-04-300x180.jpg 300w, https:\/\/www.marcvernier.fr\/wp-content\/uploads\/2025\/04\/memoireenaspe-04-1024x614.jpg 1024w, https:\/\/www.marcvernier.fr\/wp-content\/uploads\/2025\/04\/memoireenaspe-04-768x461.jpg 768w, https:\/\/www.marcvernier.fr\/wp-content\/uploads\/2025\/04\/memoireenaspe-04-1536x922.jpg 1536w\" sizes=\"auto, (max-width: 1900px) 100vw, 1900px\" \/><\/a><figcaption class=\"wp-element-caption\">M\u00e9moire en Aspe, une \u0153uvre pour la paix<\/figcaption><\/figure>\n\n\n\n<figure class=\"wp-block-image size-full\"><a href=\"https:\/\/www.marcvernier.fr\/wp-content\/uploads\/2025\/04\/memoireenaspe-05.jpg\"><img alt=\"\" loading=\"lazy\" decoding=\"async\" width=\"1900\" height=\"1140\" src=\"https:\/\/www.marcvernier.fr\/wp-content\/uploads\/2025\/04\/memoireenaspe-05.jpg\" alt=\"\" class=\"wp-image-2642\" style=\"aspect-ratio:1;object-fit:cover\" srcset=\"https:\/\/www.marcvernier.fr\/wp-content\/uploads\/2025\/04\/memoireenaspe-05.jpg 1900w, https:\/\/www.marcvernier.fr\/wp-content\/uploads\/2025\/04\/memoireenaspe-05-300x180.jpg 300w, https:\/\/www.marcvernier.fr\/wp-content\/uploads\/2025\/04\/memoireenaspe-05-1024x614.jpg 1024w, https:\/\/www.marcvernier.fr\/wp-content\/uploads\/2025\/04\/memoireenaspe-05-768x461.jpg 768w, https:\/\/www.marcvernier.fr\/wp-content\/uploads\/2025\/04\/memoireenaspe-05-1536x922.jpg 1536w\" sizes=\"auto, (max-width: 1900px) 100vw, 1900px\" \/><\/a><figcaption class=\"wp-element-caption\">M\u00e9moire en Aspe, une \u0153uvre pour la paix<\/figcaption><\/figure>\n\n\n\n<figure class=\"wp-block-image size-full\"><a href=\"https:\/\/www.marcvernier.fr\/wp-content\/uploads\/2025\/04\/memoireenaspe-03.jpg\"><img alt=\"\" loading=\"lazy\" decoding=\"async\" width=\"1900\" height=\"1140\" src=\"https:\/\/www.marcvernier.fr\/wp-content\/uploads\/2025\/04\/memoireenaspe-03.jpg\" alt=\"\" class=\"wp-image-2640\" style=\"aspect-ratio:1;object-fit:cover\" srcset=\"https:\/\/www.marcvernier.fr\/wp-content\/uploads\/2025\/04\/memoireenaspe-03.jpg 1900w, https:\/\/www.marcvernier.fr\/wp-content\/uploads\/2025\/04\/memoireenaspe-03-300x180.jpg 300w, https:\/\/www.marcvernier.fr\/wp-content\/uploads\/2025\/04\/memoireenaspe-03-1024x614.jpg 1024w, https:\/\/www.marcvernier.fr\/wp-content\/uploads\/2025\/04\/memoireenaspe-03-768x461.jpg 768w, https:\/\/www.marcvernier.fr\/wp-content\/uploads\/2025\/04\/memoireenaspe-03-1536x922.jpg 1536w\" sizes=\"auto, (max-width: 1900px) 100vw, 1900px\" \/><\/a><figcaption class=\"wp-element-caption\">M\u00e9moire en Aspe, une \u0153uvre pour la paix<\/figcaption><\/figure>\n\n\n\n<figure class=\"wp-block-image size-full\"><a href=\"https:\/\/www.marcvernier.fr\/wp-content\/uploads\/2025\/04\/vauclaire-03.jpg\"><img alt=\"Marc Vernier, m\u00e9diation artistique\" loading=\"lazy\" decoding=\"async\" width=\"1900\" height=\"1140\" src=\"https:\/\/www.marcvernier.fr\/wp-content\/uploads\/2025\/04\/vauclaire-03.jpg\" alt=\"\" class=\"wp-image-2660\" style=\"aspect-ratio:1;object-fit:cover\" srcset=\"https:\/\/www.marcvernier.fr\/wp-content\/uploads\/2025\/04\/vauclaire-03.jpg 1900w, https:\/\/www.marcvernier.fr\/wp-content\/uploads\/2025\/04\/vauclaire-03-300x180.jpg 300w, https:\/\/www.marcvernier.fr\/wp-content\/uploads\/2025\/04\/vauclaire-03-1024x614.jpg 1024w, https:\/\/www.marcvernier.fr\/wp-content\/uploads\/2025\/04\/vauclaire-03-768x461.jpg 768w, https:\/\/www.marcvernier.fr\/wp-content\/uploads\/2025\/04\/vauclaire-03-1536x922.jpg 1536w\" sizes=\"auto, (max-width: 1900px) 100vw, 1900px\" \/><\/a><figcaption class=\"wp-element-caption\">R\u00e9sidence au CHS Vauclaire<\/figcaption><\/figure>\n\n\n\n<figure class=\"wp-block-image size-full\"><a href=\"https:\/\/www.marcvernier.fr\/wp-content\/uploads\/2025\/04\/vauclaire-05b.jpg\"><img alt=\"Marc Vernier, m\u00e9diation artistique\" loading=\"lazy\" decoding=\"async\" width=\"1900\" height=\"1140\" src=\"https:\/\/www.marcvernier.fr\/wp-content\/uploads\/2025\/04\/vauclaire-05b.jpg\" alt=\"\" class=\"wp-image-2663\" style=\"aspect-ratio:1;object-fit:cover\" srcset=\"https:\/\/www.marcvernier.fr\/wp-content\/uploads\/2025\/04\/vauclaire-05b.jpg 1900w, https:\/\/www.marcvernier.fr\/wp-content\/uploads\/2025\/04\/vauclaire-05b-300x180.jpg 300w, https:\/\/www.marcvernier.fr\/wp-content\/uploads\/2025\/04\/vauclaire-05b-1024x614.jpg 1024w, https:\/\/www.marcvernier.fr\/wp-content\/uploads\/2025\/04\/vauclaire-05b-768x461.jpg 768w, https:\/\/www.marcvernier.fr\/wp-content\/uploads\/2025\/04\/vauclaire-05b-1536x922.jpg 1536w\" sizes=\"auto, (max-width: 1900px) 100vw, 1900px\" \/><\/a><figcaption class=\"wp-element-caption\">R\u00e9sidence au CHS Vauclaire<\/figcaption><\/figure>\n\n\n\n<figure class=\"wp-block-image size-full\"><a href=\"https:\/\/www.marcvernier.fr\/wp-content\/uploads\/2025\/04\/vauclaire-05.jpg\"><img alt=\"Marc Vernier, m\u00e9diation artistique\" loading=\"lazy\" decoding=\"async\" width=\"1900\" height=\"1140\" src=\"https:\/\/www.marcvernier.fr\/wp-content\/uploads\/2025\/04\/vauclaire-05.jpg\" alt=\"\" class=\"wp-image-2662\" style=\"aspect-ratio:1;object-fit:cover\" srcset=\"https:\/\/www.marcvernier.fr\/wp-content\/uploads\/2025\/04\/vauclaire-05.jpg 1900w, https:\/\/www.marcvernier.fr\/wp-content\/uploads\/2025\/04\/vauclaire-05-300x180.jpg 300w, https:\/\/www.marcvernier.fr\/wp-content\/uploads\/2025\/04\/vauclaire-05-1024x614.jpg 1024w, https:\/\/www.marcvernier.fr\/wp-content\/uploads\/2025\/04\/vauclaire-05-768x461.jpg 768w, https:\/\/www.marcvernier.fr\/wp-content\/uploads\/2025\/04\/vauclaire-05-1536x922.jpg 1536w\" sizes=\"auto, (max-width: 1900px) 100vw, 1900px\" \/><\/a><figcaption class=\"wp-element-caption\">R\u00e9sidence au CHS Vauclaire<\/figcaption><\/figure>\n\n\n\n<figure class=\"wp-block-image size-full\"><a href=\"https:\/\/www.marcvernier.fr\/wp-content\/uploads\/2025\/04\/vauclaire-atelier-01.jpg\"><img alt=\"Marc Vernier, m\u00e9diation artistique\" loading=\"lazy\" decoding=\"async\" width=\"1900\" height=\"1140\" src=\"https:\/\/www.marcvernier.fr\/wp-content\/uploads\/2025\/04\/vauclaire-atelier-01.jpg\" alt=\"\" class=\"wp-image-2668\" style=\"aspect-ratio:1;object-fit:cover\" srcset=\"https:\/\/www.marcvernier.fr\/wp-content\/uploads\/2025\/04\/vauclaire-atelier-01.jpg 1900w, https:\/\/www.marcvernier.fr\/wp-content\/uploads\/2025\/04\/vauclaire-atelier-01-300x180.jpg 300w, https:\/\/www.marcvernier.fr\/wp-content\/uploads\/2025\/04\/vauclaire-atelier-01-1024x614.jpg 1024w, https:\/\/www.marcvernier.fr\/wp-content\/uploads\/2025\/04\/vauclaire-atelier-01-768x461.jpg 768w, https:\/\/www.marcvernier.fr\/wp-content\/uploads\/2025\/04\/vauclaire-atelier-01-1536x922.jpg 1536w\" sizes=\"auto, (max-width: 1900px) 100vw, 1900px\" \/><\/a><figcaption class=\"wp-element-caption\">R\u00e9sidence au CHS  Vauclaire<\/figcaption><\/figure>\n\n\n\n<figure class=\"wp-block-image size-full\"><a href=\"https:\/\/www.marcvernier.fr\/wp-content\/uploads\/2025\/04\/vauclaire-07-scaled.jpg\"><img alt=\"Marc Vernier, m\u00e9diation artistique\" loading=\"lazy\" decoding=\"async\" width=\"2560\" height=\"1702\" src=\"https:\/\/www.marcvernier.fr\/wp-content\/uploads\/2025\/04\/vauclaire-07-scaled.jpg\" alt=\"\" class=\"wp-image-2665\" style=\"aspect-ratio:1;object-fit:cover\" srcset=\"https:\/\/www.marcvernier.fr\/wp-content\/uploads\/2025\/04\/vauclaire-07-scaled.jpg 2560w, https:\/\/www.marcvernier.fr\/wp-content\/uploads\/2025\/04\/vauclaire-07-300x199.jpg 300w, https:\/\/www.marcvernier.fr\/wp-content\/uploads\/2025\/04\/vauclaire-07-1024x681.jpg 1024w, https:\/\/www.marcvernier.fr\/wp-content\/uploads\/2025\/04\/vauclaire-07-768x511.jpg 768w, https:\/\/www.marcvernier.fr\/wp-content\/uploads\/2025\/04\/vauclaire-07-1536x1021.jpg 1536w, https:\/\/www.marcvernier.fr\/wp-content\/uploads\/2025\/04\/vauclaire-07-2048x1362.jpg 2048w\" sizes=\"auto, (max-width: 2560px) 100vw, 2560px\" \/><\/a><figcaption class=\"wp-element-caption\">R\u00e9sidence au CHS  Vauclaire<\/figcaption><\/figure>\n\n\n\n<figure class=\"wp-block-image size-full\"><a href=\"https:\/\/www.marcvernier.fr\/wp-content\/uploads\/2025\/04\/vauclaire-09-scaled.jpg\"><img alt=\"Marc Vernier, m\u00e9diation artistique\" loading=\"lazy\" decoding=\"async\" width=\"2560\" height=\"1702\" src=\"https:\/\/www.marcvernier.fr\/wp-content\/uploads\/2025\/04\/vauclaire-09-scaled.jpg\" alt=\"\" class=\"wp-image-2666\" style=\"aspect-ratio:1;object-fit:cover\" srcset=\"https:\/\/www.marcvernier.fr\/wp-content\/uploads\/2025\/04\/vauclaire-09-scaled.jpg 2560w, https:\/\/www.marcvernier.fr\/wp-content\/uploads\/2025\/04\/vauclaire-09-300x199.jpg 300w, https:\/\/www.marcvernier.fr\/wp-content\/uploads\/2025\/04\/vauclaire-09-1024x681.jpg 1024w, https:\/\/www.marcvernier.fr\/wp-content\/uploads\/2025\/04\/vauclaire-09-768x511.jpg 768w, https:\/\/www.marcvernier.fr\/wp-content\/uploads\/2025\/04\/vauclaire-09-1536x1021.jpg 1536w, https:\/\/www.marcvernier.fr\/wp-content\/uploads\/2025\/04\/vauclaire-09-2048x1362.jpg 2048w\" sizes=\"auto, (max-width: 2560px) 100vw, 2560px\" \/><\/a><figcaption class=\"wp-element-caption\">R\u00e9sidence au CHS  Vauclaire<\/figcaption><\/figure>\n\n\n\n<figure class=\"wp-block-image size-full\"><a href=\"https:\/\/www.marcvernier.fr\/wp-content\/uploads\/2025\/04\/500Datelierpiscine-01.jpg\"><img alt=\"Marc Vernier, m\u00e9diation artistique\" loading=\"lazy\" decoding=\"async\" width=\"1900\" height=\"1140\" src=\"https:\/\/www.marcvernier.fr\/wp-content\/uploads\/2025\/04\/500Datelierpiscine-01.jpg\" alt=\"\" class=\"wp-image-2650\" style=\"aspect-ratio:1;object-fit:cover\" srcset=\"https:\/\/www.marcvernier.fr\/wp-content\/uploads\/2025\/04\/500Datelierpiscine-01.jpg 1900w, https:\/\/www.marcvernier.fr\/wp-content\/uploads\/2025\/04\/500Datelierpiscine-01-300x180.jpg 300w, https:\/\/www.marcvernier.fr\/wp-content\/uploads\/2025\/04\/500Datelierpiscine-01-1024x614.jpg 1024w, https:\/\/www.marcvernier.fr\/wp-content\/uploads\/2025\/04\/500Datelierpiscine-01-768x461.jpg 768w, https:\/\/www.marcvernier.fr\/wp-content\/uploads\/2025\/04\/500Datelierpiscine-01-1536x922.jpg 1536w\" sizes=\"auto, (max-width: 1900px) 100vw, 1900px\" \/><\/a><figcaption class=\"wp-element-caption\">Aujourd&rsquo;hui piscine<\/figcaption><\/figure>\n\n\n\n<figure class=\"wp-block-image size-full\"><a href=\"https:\/\/www.marcvernier.fr\/wp-content\/uploads\/2025\/04\/500Datelierpiscine-09.jpg\"><img alt=\"Marc Vernier, m\u00e9diation artistique\" loading=\"lazy\" decoding=\"async\" width=\"1900\" height=\"1140\" src=\"https:\/\/www.marcvernier.fr\/wp-content\/uploads\/2025\/04\/500Datelierpiscine-09.jpg\" alt=\"\" class=\"wp-image-2658\" style=\"aspect-ratio:1;object-fit:cover\" srcset=\"https:\/\/www.marcvernier.fr\/wp-content\/uploads\/2025\/04\/500Datelierpiscine-09.jpg 1900w, https:\/\/www.marcvernier.fr\/wp-content\/uploads\/2025\/04\/500Datelierpiscine-09-300x180.jpg 300w, https:\/\/www.marcvernier.fr\/wp-content\/uploads\/2025\/04\/500Datelierpiscine-09-1024x614.jpg 1024w, https:\/\/www.marcvernier.fr\/wp-content\/uploads\/2025\/04\/500Datelierpiscine-09-768x461.jpg 768w, https:\/\/www.marcvernier.fr\/wp-content\/uploads\/2025\/04\/500Datelierpiscine-09-1536x922.jpg 1536w\" sizes=\"auto, (max-width: 1900px) 100vw, 1900px\" \/><\/a><figcaption class=\"wp-element-caption\">Aujourd&rsquo;hui piscine<\/figcaption><\/figure>\n\n\n\n<figure class=\"wp-block-image size-full\"><a href=\"https:\/\/www.marcvernier.fr\/wp-content\/uploads\/2025\/04\/500Datelierpiscine-05.jpg\"><img alt=\"Marc Vernier, m\u00e9diation artistique\" loading=\"lazy\" decoding=\"async\" width=\"1900\" height=\"1140\" src=\"https:\/\/www.marcvernier.fr\/wp-content\/uploads\/2025\/04\/500Datelierpiscine-05.jpg\" alt=\"\" class=\"wp-image-2654\" style=\"aspect-ratio:1;object-fit:cover\" srcset=\"https:\/\/www.marcvernier.fr\/wp-content\/uploads\/2025\/04\/500Datelierpiscine-05.jpg 1900w, https:\/\/www.marcvernier.fr\/wp-content\/uploads\/2025\/04\/500Datelierpiscine-05-300x180.jpg 300w, https:\/\/www.marcvernier.fr\/wp-content\/uploads\/2025\/04\/500Datelierpiscine-05-1024x614.jpg 1024w, https:\/\/www.marcvernier.fr\/wp-content\/uploads\/2025\/04\/500Datelierpiscine-05-768x461.jpg 768w, https:\/\/www.marcvernier.fr\/wp-content\/uploads\/2025\/04\/500Datelierpiscine-05-1536x922.jpg 1536w\" sizes=\"auto, (max-width: 1900px) 100vw, 1900px\" \/><\/a><figcaption class=\"wp-element-caption\">Aujourd&rsquo;hui piscine<\/figcaption><\/figure>\n<\/div>\n<\/div>\n\n\n\n<h2 class=\"wp-block-heading\">Aux500diables<\/h2>\n\n\n\n<p>Manifestation artistique collective, spontan\u00e9e et \u00e9pisodique,&nbsp;<a href=\"https:\/\/www.aux500diables.com\/\" target=\"_blank\" rel=\"noreferrer noopener\">aux500diables<\/a>&nbsp;est une dynamique port\u00e9e par des artistes cultivant libert\u00e9 d&rsquo;action, inattendu et diversit\u00e9. Avec le d\u00e9sir de montrer autrement une production artistique polymorphe, aux500diables fait le pari de s&rsquo;\u00e9manciper \u00e0 chaque fois des espaces et protocoles qui lui sont habituellement d\u00e9di\u00e9s.<br>Apparu pour la premi\u00e8re fois en 1993 \u00e0 Bordeaux, <a href=\"https:\/\/www.aux500diables.com\/\" target=\"_blank\" rel=\"noreferrer noopener\">aux500diables<\/a> a r\u00e9uni en 1995 pr\u00e8s de 150 artistes et ateliers sur l&rsquo;agglom\u00e9ration bordelaise le long d&rsquo;une ligne de bus cr\u00e9\u00e9e pour l&rsquo;occasion. <a href=\"https:\/\/www.aux500diables.com\/\" target=\"_blank\" rel=\"noreferrer noopener\">Aux500diables<\/a> a \u00e0 son actif plusieurs autres \u00e9v\u00e9nements marquants, dont <em>Aujourd&rsquo;hui piscine<\/em> , exposition collective <em>in situ <\/em>mont\u00e9e en 1998 avec une quarantaine d&rsquo;artistes qui ont investi pendant deux mois et demi deux piscines municipales. Un \u00e9v\u00e9nement qui a \u00e9t\u00e9 pr\u00e9c\u00e9d\u00e9 par le volet art plastiques du carnaval des 2 rives de cette m\u00eame ann\u00e9e, dans lequel pas moins de 25 structures d&rsquo;animation ont \u00e9t\u00e9 associ\u00e9es avec l&rsquo;appui de l&rsquo;association <a href=\"https:\/\/bruitdufrigo.com\/projets\/fiche\/carnaval-de-bordeaux\/\" target=\"_blank\" rel=\"noreferrer noopener\">Bruit du frigo<\/a> \u00e0 la construction de chars, de costumes et d&rsquo;un monsieur carnaval br\u00fbl\u00e9 devant le Grand Th\u00e9\u00e2tre de Bordeaux. La derni\u00e8re apparition de <a href=\"https:\/\/www.aux500diables.com\/\" target=\"_blank\" rel=\"noreferrer noopener\">aux500diables<\/a> a eu lieu durant l&rsquo;\u00e9t\u00e9 2020 en pleine pand\u00e9mie. Elle a r\u00e9uni une trentaine d&rsquo;artistes qui ont imagin\u00e9 chacun un proposition aventureuse en plein air et produit une quarantaine d&rsquo;affiches install\u00e9es sur diff\u00e9rents arr\u00eats des quatre lignes de Tram de Bordeaux M\u00e9tropole.<\/p>\n\n\n\n<p><\/p>\n\n\n\n\n\n\n\n\n\n\n\n\n\n\n\n<figure class=\"wp-block-image size-full\"><img alt=\"Aux500diables\" loading=\"lazy\" decoding=\"async\" width=\"600\" height=\"899\" src=\"https:\/\/www.marcvernier.fr\/wp-content\/uploads\/2025\/04\/500GIF3.gif\" alt=\"\" class=\"wp-image-2701\"\/><\/figure>\n\n\n\n<hr class=\"wp-block-separator has-alpha-channel-opacity\"\/>\n\n\n\n<p class=\"has-accent-4-color has-text-color has-link-color wp-elements-3203bb8e8c0def12e203cf3f597ff857\">&gt;&gt; <a href=\"https:\/\/www.marcvernier.fr\/praxisdesign\/blog\/commandes-publiques-et-un-pour-cent-artistiques\/\">commandes artistiques<\/a> | <a href=\"https:\/\/www.marcvernier.fr\/praxisdesign\/blog\/arts-plastiques-visuels\/\">arts visuels<\/a> | <a href=\"https:\/\/www.marcvernier.fr\/praxisdesign\/blog\/design-graphique-communication-visuelle\/\">design graphique<\/a><\/p>\n\n\n\n<p><\/p>\n","protected":false},"excerpt":{"rendered":"<p>Actions culturelles Jeunes publics, prot\u00e9g\u00e9s, et autres Intimement li\u00e9es \u00e0 des commandes, expositions ou r\u00e9sidences dans le cadre desquelles elles sont con\u00e7ues et s&rsquo;articulent, ces actions sont l&rsquo;occasion d&rsquo;associer des publics jeunes ou moins jeunes en leur offrant la possibilit\u00e9 de s&rsquo;approprier des concepts et d&rsquo;exp\u00e9rimenter des techniques d&rsquo;expression. Les images pr\u00e9sent\u00e9es ici font r\u00e9f\u00e9rence [&hellip;]<\/p>\n","protected":false},"author":2,"featured_media":0,"parent":0,"menu_order":0,"comment_status":"closed","ping_status":"open","template":"","meta":{"_seopress_robots_primary_cat":"","_seopress_titles_title":"","_seopress_titles_desc":"","_seopress_robots_index":"","footnotes":""},"class_list":["post-2677","page","type-page","status-publish","hentry"],"_links":{"self":[{"href":"https:\/\/www.marcvernier.fr\/praxisdesign\/blog\/wp-json\/wp\/v2\/pages\/2677","targetHints":{"allow":["GET"]}}],"collection":[{"href":"https:\/\/www.marcvernier.fr\/praxisdesign\/blog\/wp-json\/wp\/v2\/pages"}],"about":[{"href":"https:\/\/www.marcvernier.fr\/praxisdesign\/blog\/wp-json\/wp\/v2\/types\/page"}],"author":[{"embeddable":true,"href":"https:\/\/www.marcvernier.fr\/praxisdesign\/blog\/wp-json\/wp\/v2\/users\/2"}],"replies":[{"embeddable":true,"href":"https:\/\/www.marcvernier.fr\/praxisdesign\/blog\/wp-json\/wp\/v2\/comments?post=2677"}],"version-history":[{"count":19,"href":"https:\/\/www.marcvernier.fr\/praxisdesign\/blog\/wp-json\/wp\/v2\/pages\/2677\/revisions"}],"predecessor-version":[{"id":3239,"href":"https:\/\/www.marcvernier.fr\/praxisdesign\/blog\/wp-json\/wp\/v2\/pages\/2677\/revisions\/3239"}],"wp:attachment":[{"href":"https:\/\/www.marcvernier.fr\/praxisdesign\/blog\/wp-json\/wp\/v2\/media?parent=2677"}],"curies":[{"name":"wp","href":"https:\/\/api.w.org\/{rel}","templated":true}]}}